o + c, -4*o + 260 = 2*j. Calculate the greatest common divisor of j and g.
20
Suppose 73*q - 115*q + 1134 = 0. What is the highest common divisor of q and 1269?
27
Let v(k) = 10*k + 2. Let n = 14 + -13. Let b be v(n). Suppose -32*p = -33*p + b. What is the highest common divisor of 96 and p?
12
Let v = 2 + -26. Suppose -3*n = -219 + 108. Let j = v + n. Calculate the highest common divisor of 26 and j.
13
Suppose 347952 = 101*w - 549099 - 384639. Calculate the greatest common factor of 15 and w.
15
Let k be 4/(-22) + 316/44 + -1. Let u = 76 + 86. What is the greatest common factor of u and k?
6
Let x = 9156 - 8823. Calculate the greatest common factor of 72 and x.
9
Let b be 10*4 + -9 + 88/8. Let k be 10 + -8 - -2 - (-2 - b). What is the greatest common divisor of k and 300?
12
Suppose -3*s + 2*v + 35 = 4*v, 49 = 5*s + v. Let u be (-20)/(-30) - (-1704)/s. Calculate the highest common factor of 20 and u.
10
Let j be 26*(2 + (-5 + 4)/(-1)). Let q be 8/3*(-3 + j)/1. What is the greatest common factor of 25 and q?
25
Let w be 351 + 0 + (3 + -4)*-1. Let a be -3*2*3*w/(-48). Calculate the greatest common divisor of a and 594.
66
Suppose -3*z + 2 = -13. Suppose -4*t = z - 57. Let j(h) = -h**3 + 12*h**2 + 15*h - 21. Let u be j(t). What is the greatest common factor of 10 and u?
5
Let q be 0/1*(-7)/21. Let u = 1 + q. Suppose 4*a = 3*y - 27, -224*a + 10 = 5*y - 219*a. Calculate the highest common divisor of u and y.
1
Suppose -63 = -4*v - 5*c, 1537 = v - 5*c + 1465. What is the greatest common factor of 5967 and v?
27
Let j be (0/8)/(0 + 1). Suppose z + b - 22 = j, b = 5*z - 35 - 99. Calculate the highest common divisor of z and 442.
26
Let w(a) = 7*a + 66. Let u be w(-9). Let b be (1 - -193)/((-1)/(-1) + -3). Let r = b - -100. Calculate the greatest common factor of r and u.
3
Let a(z) = -85*z - 1. Let t(u) = u**2 - 15*u**2 + 13*u**2 + 21*u + 45. Let b be t(23). Let h be a(b). Calculate the highest common divisor of h and 21.
21
Let d = -17504 - -17609. What is the highest common factor of d and 34755?
105
Suppose -378 = -5*c + 147. Suppose -n + 2*n - 65 = 5*u, 2*n - 5*u - c = 0. Let w be (-26)/(-4)*(-7)/((-28)/n). What is the greatest common factor of 26 and w?
13
Let l = -79827 - -79926. Let s(f) = -f**2 - 7 + 4 + 9*f - 6. Let p be s(6). What is the greatest common divisor of l and p?
9
Suppose 4*k = 4, 0*v + 2*k = 2*v + 928. Let z = 676 + v. Calculate the highest common factor of z and 3.
3
Let m = 3172 + -3159. Calculate the greatest common divisor of m and 9.
1
Let h be 2/25 + 3 + 4282278/275. Calculate the highest common divisor of 267 and h.
89
Let g(d) = 2*d + 8. Let m be g(8). Let j be 23/2 - (-48)/96. Let z be 4/m - (-214)/j. Calculate the greatest common divisor of z and 12.
6
Let u(x) = x**2 + 18*x - 55. Let d = -90 - -68. Let t be u(d). Calculate the greatest common divisor of 132 and t.
33
Suppose 50*l = 30*l + 200. Suppose -l*n + 157 = 17. Calculate the greatest common factor of 133 and n.
7
Suppose 0 = 5*u - 127 - 133. Let m = 106 - u. Suppose -5*n - 336 = -4*g - 187, -4*g + 146 = -2*n. What is the highest common divisor of g and m?
18
Let g(v) = -3*v + 9. Let b be g(-11). Let w(s) = 8*s - 2. Let o be w(-5). Let d = 56 + o. What is the highest common factor of d and b?
14
Suppose 0 = -695*s + 711*s - 6208. What is the highest common factor of s and 1843?
97
Let v = -9008 - -10759. What is the highest common factor of v and 206?
103
Let v be (-228)/(-10) + 68/(-85). Suppose -v*q + 4*q = -360. What is the highest common factor of 140 and q?
20
Suppose -3*u - 3*y = -7*u + 19, -u = 5*y + 24. Let s be (-6)/9 - 32/6. Let r(t) = -t + 3. Let m be r(s). Calculate the highest common divisor of u and m.
1
Suppose -44*l + 6030 + 125 = -3745. What is the highest common factor of l and 2100?
75
Let n(s) = -57*s - 4506. Let g be n(-82). What is the greatest common divisor of g and 3066?
42
Suppose -5*w + 282 - 72 = 5*j, -2*j - w = -87. Let r = -42 + j. What is the highest common divisor of 24 and r?
3
Suppose -23*p + 2*p - 3*p = -5520. Calculate the greatest common divisor of 782 and p.
46
Let x be -6*(24 - 6)/6*-2. What is the greatest common factor of 732 and x?
12
Let i = -3985 - -4023. What is the highest common divisor of i and 11381?
19
Let o be (180/24)/((-1)/28*-2). Let h = -521 + 551. Calculate the highest common divisor of o and h.
15
Let k(j) = 126*j. Let c be k(1). Suppose -22*f = -17*f + 5*n - 1025, 4*f = -n + 835. What is the greatest common factor of c and f?
42
Let b(m) = -6*m - 81. Let d be b(-19). Suppose 486 = c + 4*i, -4*c + d*i + 1989 = 34*i. What is the highest common divisor of c and 6?
6
Let z(a) = 28*a**2 + 5*a - 3. Let j be z(3). Let h = 149 + -147. Let y be (h/(-5))/(4/(-240)). Calculate the highest common factor of j and y.
24
Let y = 4142 + -1730. Calculate the greatest common divisor of 67 and y.
67
Let i(c) = -c**3 - 3*c**2 - 5*c - 4. Let y be i(-2). Suppose 30 = z + n, -3*z + y*n - n = -82. Calculate the greatest common divisor of 4 and z.
4
Let m = 1532 - 1456. What is the highest common factor of 1767 and m?
19
Suppose 18412*k = 18426*k - 1358. Calculate the greatest common divisor of k and 873.
97
Let f(m) = m**2 - 56*m - 492. Let y be f(-8). What is the greatest common divisor of y and 12500?
20
Let l = 341 - 329. Suppose 11*t + 312 = l*t - 3*x, 5*t - 1522 = -4*x. What is the highest common divisor of 18 and t?
18
Let z(d) = -15*d - 6. Let u be z(-8). Let m be 9/((-108)/(-34908)) + 1 + -3. Suppose 0 = -19*i + 2*i + m. Calculate the highest common divisor of u and i.
57
Let h(z) = 2*z**3 + 91*z**2 - 45*z + 48. Let y be h(-46). Calculate the greatest common factor of y and 106.
2
Suppose 0 = 2*r + 4*y - 450, 186 + 636 = 4*r - 5*y. Calculate the greatest common factor of r and 9.
3
Let q(d) = -d**2 - 50*d + 1587. Let v be q(21). Calculate the greatest common divisor of v and 2352.
48
Suppose -6*y + 4*y = 5*z - 23, -17 = -5*y + z. Suppose 4*t - q = 668, -q = y*t + 4*q - 692. Calculate the greatest common divisor of t and 63.
21
Let m(v) be the second derivative of 7*v**3/6 + 3*v**2 - 2*v + 11. Let j be m(18). Calculate the greatest common factor of j and 12.
12
Let n(z) = 32*z**2 - 149*z + 2830. Let w be n(24). Calculate the greatest common factor of 74 and w.
74
Let h = -15432 + 15484. What is the highest common factor of h and 55172?
52
Suppose 0 = 4*f + f - 360. Let l = -7417 - -7633. What is the highest common factor of f and l?
72
Let j(r) = 12*r**2 - r - 1. Let m be j(-1). Let h be 2/5 + 3 + 103/5. Suppose h*y - 887 + 23 = 0. What is the greatest common factor of y and m?
12
Let a be (-8)/12 + (-11264)/(-66). Calculate the greatest common divisor of 918 and a.
34
Let w = -4815 - -4990. Calculate the greatest common divisor of w and 42.
7
Let s = -133 + 139. Suppose z + u - 2 = s, 16 = 3*z - 5*u. Calculate the highest common factor of z and 280.
7
Let f(m) = 2*m**3 + 3*m**2 - 34*m + 87. Let a be f(16). Calculate the highest common divisor of 22 and a.
11
Suppose -16558 + 5979 = -11*n + 10508. Calculate the greatest common factor of n and 351.
27
Let g(q) = -q**3 + 15*q**2 + 22*q + 22. Let f be g(16). Suppose -2*p + 32 + f = 0. Calculate the highest common factor of 25 and p.
25
Let v be 171/36 - 154/56. Let t(a) = -2*a**2 + 146. Let u be t(0). Calculate the greatest common divisor of u and v.
2
Let x = 2 - -1. Let i = 286 - 281. Suppose 24*m = i*m + 285. What is the highest common factor of x and m?
3
Suppose 108 = 5*u - 2*d - 30, 2*u - 5*d = 51. Let a be (u/(-35))/(4/(-30)). Let v = a + 6. Calculate the greatest common factor of 36 and v.
12
Let y(t) = -t**3 + 14*t**2 - 33*t - 3. Let k be y(9). Suppose 3*v + h - 242 = 97, -v = 3*h - k. What is the highest common factor of v and 38?
38
Let o = -1855 + 2379. What is the greatest common divisor of o and 1?
1
Suppose 3*o = -5*n - 748, 4*n + 601 = 11*o - 16*o. Let k = 264 + n. Calculate the highest common divisor of 46 and k.
23
Let w(v) = -29*v - 1201. Let k be w(-45). What is the greatest common factor of 8 and k?
8
Let t(y) be the third derivative of -5*y**4/24 - 11*y**3/2 + y**2 - 30*y. Let k be t(-7). What is the highest common divisor of k and 8?
2
Let j(s) = 12*s - 28. Let y be j(16). Suppose y = 5*f - 76. Let a be (156/16)/((-2)/(f/(-9))). Calculate the gre